r?
True
Is 792821 prime?
True
Is 33512441 a composite number?
False
Is 399862257 a composite number?
True
Is 2266493 prime?
True
Is 5324209 a prime number?
False
Is 480859 a composite number?
True
Is 5958017 prime?
False
Is 27860387 prime?
False
Is 440203 prime?
True
Is 520248407 composite?
True
Is 1201829 composite?
False
Is 7913749 a prime number?
True
Is 87118847 a composite number?
False
Is 31844731 composite?
False
Is 79434991 a composite number?
True
Is 108073 composite?
True
Is 39819713 a composite number?
True
Is 65557417 composite?
False
Is 11089549 composite?
False
Is 1150159 a composite number?
False
Is 3486799 a composite number?
True
Is 35897263 a composite number?
True
Is 91357141 composite?
False
Is 101299123 prime?
True
Is 85855579 a composite number?
False
Is 42741997 prime?
True
Is 3397497 prime?
False
Is 7521077 a prime number?
False
Is 8554309 composite?
False
Is 409063121 prime?
True
Is 3675229 composite?
False
Is 143101 composite?
True
Is 41697811 composite?
False
Is 8748581 a prime number?
True
Is 8665751 a composite number?
True
Is 68862967 a composite number?
False
Is 46616807 a prime number?
True
Is 8058293 composite?
False
Is 19563983 composite?
False
Is 280574687 composite?
True
Is 614279 prime?
True
Is 32320765 a prime number?
False
Is 4345861 a prime number?
False
Is 79334141 composite?
True
Is 96683287 a prime number?
False
Is 4796135 a composite number?
True
Is 92986177 composite?
False
Is 856291 composite?
True
Is 238173899 a composite number?
True
Is 29964587 composite?
False
Is 1077821 prime?
True
Is 331486205 a composite number?
True
Is 8810123 a prime number?
False
Is 11507071 composite?
False
Is 57156259 a composite number?
True
Is 200001579 a prime number?
False
Is 42333541 prime?
False
Is 25098277 composite?
False
Is 1746629 a composite number?
False
Is 577349 composite?
False
Is 2131435 composite?
True
Is 2535559 composite?
True
Is 138827957 composite?
False
Is 31161441 a composite number?
True
Is 60002867 a prime number?
False
Is 329131027 prime?
True
Is 36378269 a prime number?
True
Is 577584053 a composite number?
False
Is 9732179 prime?
True
Is 2846183 prime?
True
Is 102710117 a composite number?
True
Is 117866281 a prime number?
False
Is 10639109 prime?
False
Is 6786457 composite?
False
Is 902179 a composite number?
False
Is 390953 a composite number?
False
Is 11835937 composite?
False
Is 5505511 a prime number?
False
Is 23585797 a prime number?
False
Is 9116661 composite?
True
Is 2627837 a composite number?
False
Is 30303817 prime?
True
Is 14758867 composite?
False
Is 2166509 composite?
False
Is 61929899 a prime number?
False
Is 846311 a prime number?
False
Is 6296281 composite?
False
Is 21566939 a composite number?
True
Is 17978491 prime?
True
Is 2888441 a composite number?
False
Is 17474467 prime?
False
Is 174484291 a prime number?
True
Is 3648101 prime?
True
Is 293399 prime?
True
Is 9481729 composite?
True
Is 684839 a prime number?
False
Is 23205373 prime?
True
Is 1475365 a prime number?
False
Is 4108417 prime?
False
Is 5180537 a composite number?
False
Is 878987 composite?
False
Is 27114779 a composite number?
True
Is 82120277 a composite number?
False
Is 45191357 a prime number?
True
Is 8020237 prime?
True
Is 560453 a composite number?
True
Is 160061221 composite?
False
Is 89383033 a composite number?
True
Is 5528779 composite?
False
Is 30985147 prime?
True
Is 3210374 composite?
True
Is 66305857 a prime number?
True
Is 31784971 a composite number?
True
Is 9783401 a prime number?
False
Is 35799941 a composite number?
False
Is 4041239 a composite number?
True
Is 11495713 prime?
True
Is 72833107 composite?
False
Is 847193 a prime number?
True
Is 63636487 a composite number?
False
Is 889127 a composite number?
True
Is 347405497 a composite number?
True
Is 219060839 a prime number?
False
Is 68833 a prime number?
False
Is 9003737 a composite number?
True
Is 90685453 prime?
False
Is 2676745 prime?
False
Is 3543077 a prime number?
False
Is 102904051 prime?
True
Is 22898147 composite?
False
Is 6261173 composite?
False
Is 1937263 a composite number?
True
Is 88720327 composite?
True
Is 1311689 a composite number?
False
Is 3740991 a prime number?
False
Is 73911613 a composite number?
False
Is 28518839 a composite number?
True
Is 155392001 prime?
True
Is 358365571 prime?
True
Is 642377 prime?
False
Is 1384135 composite?
True
Is 620895079 composite?
True
Is 36566455 prime?
False
Is 13920587 composite?
False
Is 262981 a composite number?
False
Is 66651719 a prime number?
True
Is 269641 a prime number?
True
Is 2948749 a prime number?
False
Is 7760471 a composite number?
False
Is 338305963 a composite number?
True
Is 3392209 a composite number?
False
Is 13864439 composite?
True
Is 59275603 prime?
True
Is 2308213 composite?
False
Is 160352917 a composite number?
False
Is 312096691 prime?
True
Is 10838837 composite?
True
Is 211313 composite?
False
Is 4189819 a prime number?
True
Is 6297139 prime?
False
Is 4671643 prime?
False
Is 772223 a composite number?
True
Is 485363 composite?
False
Is 262440059 prime?
False
Is 65596789 a prime number?
True
Is 682597 a prime number?
True
Is 533000567 a prime number?
False
Is 68454401 a composite number?
True
Is 231213817 composite?
False
Is 22076767 composite?
False
Is 490076533 a composite number?
False
Is 895035679 a prime number?
False
Is 28104599 a composite number?
True
Is 253626833 a composite number?
True
Is 48829861 a prime number?
False
Is 104411119 composite?
True
Is 481495237 prime?
True
Is 10194707 prime?
True
Is 24637 prime?
False
Is 326537 a composite number?
False
Is 11025077 composite?
True
Is 363283 composite?
True
Is 10871533 a prime number?
False
Is 60528781 a prime number?
False
Is 15377461 a prime number?
False
Is 2281497 prime?
False
Is 448957 a composite number?
True
Is 4340621 a prime number?
True
Is 214291523 a prime number?
True
Is 1204549 a composite number?
True
Is 2929127 a prime number?
False
Is 152938843 a prime number?
True
Is 22663427 a composite number?
False
Is 363687839 prime?
True
Is 8224493 a composite number?
False
Is 3419543 a composite number?
False
Is 9930827 composite?
False
Is 363893 prime?
False
Is 1904989 a composite number?
True
Is 3341857 a composite number?
False
Is 523847 a prime number?
True
Is 13613687 prime?
True
Is 190908637 prime?
False
Is 301591 composite?
False
Is 1443041 a composite number?
True
Is 70276301 a prime number?
True
Is 7624403 composite?
False
Is 27699941 a prime number?
True
Is 2260267 composite?
False
Is 563743 a prime number?
True
Is 458531543 a composite number?
False
Is 69359929 a prime number?
True
Is 23639309 composite?
False
Is 516147 a prime number?
False
Is 56646503 prime?
True
Is 46272403 a composite number?
False
Is 8043481 prime?
True
Is 859973 prime?
True
Is 186370469 prime?
True
Is 8425627 a prime number?
False
Is 87619517 prime?
True
Is 44301539 a composite number?
True
Is 2029879 composite?
False
Is 26680517 a composite number?
False
Is 12326893 a composite number?
True
Is 924767 a composite number?
True
Is 35849743 a composite number?
False
Is 1044997 prime?
True
Is 105667021 a prime number?
True
Is 346747 prime?
False
Is 81652523 a composite number?
False
Is 10072423 composite?
False
Is 173169589 a composite number?
True
Is 574261 a composite number?
False
Is 2972483 a prime number?
True
Is 807497633 composite?
True
Is 22240807 prime?
True
Is 35737283 prime?
False
Is 178921 composite?
False
Is 56988619 prime?
False
Is 7211209 prime?
False
Is 29415385 composite?
True
Is 20305882 a composite number?
True
Is 1821371 a prime number?
True
Is 18493333 prime?
True
Is 5575471 a prime number?
False
Is 10670879 a prime number?
True
Is 46423361 prime?
False
Is 4208053 a prime number?
True
Is 3827302 a composite number?
True
Is 7501579 a prime number?
True
Is 308218615 a composite number?
True
Is 4840921 a prime number?
True
Is 3839453 composite?
True
Is 139387631 prime?
False
Is 9280277 a composite number?
False
Is 628093 prime?
True
Is 2219642 a prime number?
False
Is 73430321 a prime number?
False
Is 49342289 a prime number?
True
Is 180907 a prime number?
True
Is 4463387 a composite number?
True
Is 36972827 prime?
True
Is 33457705 composite?
True
Is 24794303 composite?
False
Is 389477 a com